e second derivative of -7*n**6/360 - n**5/15 + 13*n**4/12 + 8*n. Let r(o) be the third derivative of c(o). List the prime factors of r(-6).
2, 19
Suppose 4*m - 209 = -2*v + 23, 4*v + m - 450 = 0. List the prime factors of v.
2, 7
Suppose -3*n = -641 - 697. Let o be (0 - 5/(-10))*n. Suppose -7*y = -4*i - 2*y + 239, 3*i - o = -5*y. List the prime factors of i.
2, 3, 11
Let a(x) = 262*x - 92. List the prime factors of a(5).
2, 3, 7, 29
Suppose 4*p - 3*p = 5*n + 145, -n = 3*p - 387. What are the prime factors of p?
2, 5, 13
Let p = 2231 - 1564. What are the prime factors of p?
23, 29
Let n = 37 + -41. List the prime factors of 1/2*-4*206/n.
103
Let m = 33 - 29. Suppose -3*h + 29 = -5*f, -f = m*h + h - 11. Suppose 0 = 4*w - 3*s - 294, 219 = w + 2*w - h*s. What are the prime factors of w?
3, 5
Let j(u) = 29*u**3 - 6*u**2 - 6*u + 44. What are the prime factors of j(4)?
2, 5, 89
Suppose -26 = 6*x - 62. Suppose -4 = -2*s + x. Suppose 0 = -s*v + 18 + 247. List the prime factors of v.
53
Suppose -3*p = 0, 5*p = m + 4*m - 1265. List the prime factors of m.
11, 23
Let u(l) = 102*l**2 - 2*l + 2. Let a be u(1). Let x = -72 + a. Suppose -4*o - 5*y + x = 0, 0 = -4*o - o - 5*y + 35. List the prime factors of o.
5
Let n be 104/(-4) - (1 + -2). What are the prime factors of (-107*1/2)/(n/50)?
107
Suppose 6 = -2*l + z, -4*l + 12 = 8*z - 4*z. Let a be (-69 + -1)/(-2) - l. Suppose -5*p = -2*x + 26, 2*p = -2*x - 3*x + a. List the prime factors of x.
2
Suppose 5*s + 2*u - 2936 = 0, 0*s = -3*s - 4*u + 1756. What are the prime factors of s?
2, 3, 7
List the prime factors of (-191)/3*(-3 + -48).
17, 191
Let u be (-4 + 22/5)/(1/5). Suppose -100 = -2*b + 2*l, -55 = -u*b - l + 39. List the prime factors of b.
2, 3
Suppose j = -4*j + 245. Suppose 2*s + 3*p = 63, s + 0*p - 30 = -p. Let v = j - s. What are the prime factors of v?
2, 11
Suppose -4*x + g + 7 = -4, x + 2*g - 14 = 0. Suppose 10*k - 378 = x*k. List the prime factors of k.
3, 7
List the prime factors of ((-246)/9)/(6/(-81)).
3, 41
Suppose -4*w = 50 - 18. Let j = w - -8. Suppose o - 10 - 1 = j. What are the prime factors of o?
11
List the prime factors of 7 - (424/(-5))/(6/180).
2551
List the prime factors of -10*(-2)/8*(-788)/(-5).
2, 197
Let m(w) = -17*w**2 + 3*w. Let j(n) = -n**2. Let z(g) = -5*j(g) - m(g). List the prime factors of z(-2).
2, 47
Let l(s) = -4*s - 9. Let a(r) = -r**2 - 5*r + 2. Let d be a(-7). List the prime factors of l(d).
3, 13
Suppose 2*n = -2*n. Suppose -x + w = -24, -4*x + n*w - 3*w = -68. Suppose -3*h - 8 = 4*z + 6, -4*z - x = 0. List the prime factors of h.
2
Suppose 0 = -n - 5*v + v + 24, 4*v - 72 = -4*n. List the prime factors of -650*(-2)/n + (-6)/(-8).
2, 41
Let i(f) = f**3 - 2*f**2 - 4. Let o(z) = z - 12. Let k be o(17). List the prime factors of i(k).
71
Let t(p) = p + 9. Let q(a) = 2*a + 17. Let c(u) = -6*q(u) + 11*t(u). List the prime factors of c(-9).
2, 3
Let f = 16 + -15. Let i be 0 + (-1 - (f + -3)). List the prime factors of 5*(9/i + -3).
2, 3, 5
Let t(j) = 2*j**3 - j**2 + 1. Let h be t(1). Suppose 3*q - 3*c = 45, 0*c - h*c = -8. Suppose -q + 77 = 2*u. List the prime factors of u.
29
Let w be ((-3)/15*0)/2. Suppose -3*h + 4*p = p - 918, w = 3*p + 9. What are the prime factors of h?
3, 101
Suppose 3*o + 0 = -4*y - 2, -5*o - 5*y = -5. Let z(b) = b**3 - 5*b**2 + 3*b + 6. What are the prime factors of z(o)?
2, 3, 5
What are the prime factors of (-234)/27 + 9 + 1037/3?
2, 173
Let p(d) = -d**3 - 9*d**2 - 7*d + 4. Let c be p(-8). What are the prime factors of (-1 - (-14)/c)*(-368)/12?
2, 3, 23
Suppose g + 2 = -5*b, 4*g = -3*b + b - 8. Let s be ((-3)/g)/(3/(-18)). Let r = 22 + s. List the prime factors of r.
13
Let o(u) = -14*u**3 + u**2 - u - 1. Let h be o(-1). Suppose 4*k - 93 = -3*w - h, -2*w + 41 = -k. List the prime factors of w.
2, 11
Let i(o) = -o**2 + 11*o - 11. Let w be i(10). Let r = w - -1. Suppose r = g + 2*g - 105. List the prime factors of g.
5, 7
Suppose 4 = -5*q - 1. Let g(n) = -44*n + 1. Let y be g(q). List the prime factors of 304/9 + 10/y.
2, 17
Suppose 3282 - 35007 = -15*c. What are the prime factors of c?
3, 5, 47
Suppose 1223*a = 1211*a + 18444. What are the prime factors of a?
29, 53
Suppose -1038 - 7806 = -11*x. Suppose 7*t - 13*t + x = 0. What are the prime factors of t?
2, 67
Let l be 2/6 + (1 - 208/(-24)). Suppose -5*o + l*o - 106 = -f, -5*o = -4*f + 374. List the prime factors of f.
2, 3
Let h(x) be the first derivative of x**4/4 + x**3 - 5*x**2/2 + 3*x + 7. Let z be h(-4). Let q = z - -21. What are the prime factors of q?
2, 7
Suppose 0 = 2*a - 4*w - 5066, 3*w - 3110 = 4*a - 13222. List the prime factors of a.
5, 101
Let c be (-2)/6 - 4/(-3). Let j(k) be the third derivative of 7*k**4/8 + 21*k**2. List the prime factors of j(c).
3, 7
Let z = -39 + 41. Suppose -3*x + z*x = -41. What are the prime factors of x?
41
Let a(c) = -c**2 + 8*c + 1. Suppose l + 2*z + 6 = 0, -2*l - 3*z = l + 9. Suppose l = 4*k - 4*q - 32, -q - 4 = 3*q. What are the prime factors of a(k)?
2
Let h(t) = -t**3 + t**2 - t. Let z be h(0). Suppose z*w = -4*w - 12, -2*w = j + 2. Suppose 2*c = -c + 6, -5*i + 7 = -j*c. List the prime factors of i.
3
Suppose 6*y - y - 20 = 0. Suppose 2*m + 2 = y*q, -m = -0*q - 4*q + 1. Suppose q = 3*j - 27 - 33. What are the prime factors of j?
2, 5
Let n(u) = -33*u + 1. Let z be n(1). Let r = -34 - z. List the prime factors of -1*r/2*59.
59
Suppose 8*z - 3*z - 915 = 0. What are the prime factors of z?
3, 61
Suppose 4*m + 30 - 18 = 0. Let j(d) = -39*d + 5. Let s be j(m). Let x = -66 + s. What are the prime factors of x?
2, 7
Let d be (-112)/6*(-6)/(-4). Let b be (-30)/26 + d/(-182). Let u(t) = -25*t - 1. What are the prime factors of u(b)?
2, 3
Suppose 0 = 9*i - 47 - 70. Suppose 0 = -i*q + 596 + 1354. What are the prime factors of q?
2, 3, 5
Let n = -33 - -18. Let m = -13 - n. Suppose -83 - 1 = -m*k. What are the prime factors of k?
2, 3, 7
Suppose 3*s - 4*k = -156 - 83, 0 = -2*s - 3*k - 131. List the prime factors of 3/4*(-1 - s).
2, 3
Let h = -9 - -10. Let b be (12 - (4 - h)) + -3. Suppose g = b*g - 115. List the prime factors of g.
23
Suppose p + 3*p - o = -1009, -10 = -2*o. Let r be (-10)/70 + p/7. List the prime factors of (32/12)/((-2)/r).
2, 3
Suppose 4*w = 2*w. Suppose 2*g - 4*g + 122 = w. What are the prime factors of g?
61
Let n(i) = -6 - 5 - 5 - 9*i + 2*i**2. Let c(t) = -2*t**3 - 2*t**2 - t - 2. Let l be c(-2). What are the prime factors of n(l)?
2, 5
Suppose 0 = -179*i + 90*i + 51086. What are the prime factors of i?
2, 7, 41
Let l(g) be the first derivative of -2*g**4 - 5*g**3/3 - 3*g**2/2 + 3*g + 1. List the prime factors of l(-2).
53
Suppose 2*g - 147 = -w - 8, 130 = 2*g - 2*w. Suppose 3*x - 10 = -3*a + 50, 5*a = -x + 40. Let c = g - x. List the prime factors of c.
53
Let o be (1 - (-6)/(-9))*6. Suppose -3*k = -0*p - o*p + 87, -169 = -4*p + k. What are the prime factors of p?
2, 3, 7
Let t = 1179 + 75. What are the prime factors of t?
2, 3, 11, 19
Suppose -3*a - 729 = -4*h - 0*a, 183 = h - a. What are the prime factors of -2*(-4 - h/(-8))*-5?
5, 37
Suppose 2*k = -2, -3*l + l + 35 = k. Suppose -2*w + 66 = -l. List the prime factors of w.
2, 3, 7
Suppose -5*k = -20, -2*x = -5*k + 6 + 6. Suppose -70 = -5*m + m - 2*i, -x*m + 69 = 3*i. What are the prime factors of m?
2, 3
Let u be 842/(-30)*-6 - 4/10. What are the prime factors of (u/96)/(1/40)?
2, 5, 7
Suppose -4*g + 1473 = -5*z, 0*z = -3*g + 4*z + 1104. Let p = g - 199. List the prime factors of p.
173
List the prime factors of 224/84*((-849)/(-12) - 1).
2, 3, 31
Let s = -11 - -36. Suppose -4*u + 143 = -s. List the prime factors of u.
2, 3, 7
Let w(h) be the first derivative of -2 + 1/4*h**4 + 4*h + 7/2*h**2 - 8/3*h**3. List the prime factors of w(7).
2
Suppose 4*l = 2*d + 12, 0 = -d - l + 2*l - 3. Suppose 4*r = 20, 0 = 5*p - r - d*r - 665. What are the prime factors of p?
2, 67
Suppose -6 + 8 = -q. Let k = 1 + 46. Let o = q + k. What are the prime factors of o?
3, 5
Let p(q) = 2*q**3 - 87*q**2 + 57*q - 1. List the prime factors of p(43).
601
Let g(t) = -t**3 - t**2 + 5*t + 3. Let f be g(-3). Suppose -2*v + f*j - 19 = j, 3*j = -3*v + 24. List the prime factors of (v - 3 - -2) + 46.
2, 3
Let t = -11 + 6. Let d(y) be the first derivative of y**4/4 + 2*y**3 + y**2 + y + 50. List the prime factors 